13*l. Let j(x) = x**2 + 16*x + 35. Let u be j(l). Let o(d) = d - 14. What is o(u)?
-7
Let r = -104 - -105. Let x = 22 + -15. Let k(f) = 6*f + 5*f + 6 - x. Calculate k(r).
10
Let b(z) = z**3 + 7*z**2 + z + 5. Let r(k) = k**3 + 12*k**2 + 23*k - 13. Let w be r(-12). Let o be (-6)/(-4) + w/34. Determine b(o).
-2
Let n be (3759/(-17) - -1) + (-22)/(-187). Let p = -212 - n. Let d(k) = k**3 - 8*k**2 - k + 5. Calculate d(p).
-3
Let d(l) = -l**3 + 29*l**2 + 131*l + 51. Let v be d(33). Let b(y) = 7*y - 84. Determine b(v).
42
Let g(d) = d**3 + 6*d**2 + 3*d + 4. Suppose -2*w - 4 = -4*w, 67 = 5*z + w. Let o = z + -27. Let m be 80/o + 14/(-49). Determine g(m).
-14
Suppose 4*o = -2*n + 40, 0*o + 2*n - 13 = -o. Let x(d) = o + 1 + 5*d - 14 + 2 - 2*d. Let l = 6 + -4. Determine x(l).
4
Let k = 6 - -24. Suppose -5*r - k = -5*v, 2 = 4*v - 2*r - 22. Suppose -3*a + 3*p + 6 = 0, -a - 4*p + p = v. Let z(l) = l - 4. Give z(a).
-4
Let l be (592/(-40) + 15)*(-1)/(-3). Let i(p) be the third derivative of 0 + 0*p + 0*p**3 + 0*p**4 - l*p**5 - 25*p**2. Give i(-2).
-16
Let y be (-1)/1 + (-2)/1. Let j(q) = -1 + 6 - 23 + 14 - 4*q. What is j(y)?
8
Let o(l) = -38*l - 120 + 25*l**2 - 2*l**3 + 17*l + 144 + l**3 - 26*l. Give o(23).
1
Let m(d) = -d**2 - 8*d + 5. Let u be m(-6). Let i(h) = -1201*h - h**2 + 1219*h - 61 - 49 + 93. Give i(u).
0
Let t(k) = -20*k + 269. Suppose -3756*o + 1820 = -3626*o. Determine t(o).
-11
Let m(i) = -15*i - 121. Let z be m(-8). Let d(r) = -12*r + 3*r + 8*r. Let n(k) = 2*k**2 + 6*k - 1. Let h(o) = z*n(o) - 3*d(o). Calculate h(2).
-13
Let l(m) = 23*m - 492. Let x be l(21). Let a(c) = -c**3 - 10*c**2 - 14*c - 13. Give a(x).
32
Let f(u) = 2*u + 77. Let j = 2339 - 2375. Give f(j).
5
Let o(n) = -n**3 - n - 4. Suppose -121*m = -114*m - 21. Suppose m*r = -x - 3*x + 3, 3*x - 2*r + 2 = 0. Determine o(x).
-4
Let u(c) = 3155236*c**3 - 60 - 3155237*c**3 + 19 + 2*c - 7*c**2. Give u(-8).
7
Let f(k) be the second derivative of -k**5/20 - k**4/12 - k**3/2 + k**2/2 + 35*k. Let h be f(0). Let c(g) = 3*g - h + 0*g - 6. Give c(-5).
-22
Let l(v) be the third derivative of -1/8*v**4 + 1/20*v**5 + 0 + 0*v + 5/6*v**3 - 64*v**2 + 1/120*v**6. Determine l(-4).
1
Let b be 15*((-6)/(-5))/3. Let k(y) = y**2 - 7*y + 7. Let v be k(b). Let l(f) = v - f**3 - 5*f + 5*f**2 + 1 + 4 - 2*f. Calculate l(4).
-6
Suppose -1 = l, 4*o - 86 = -3*l - 81. Let b(p) = 9*p. Determine b(o).
18
Let y = 282 - 274. Let d be 354/14 - 18/63. Suppose -y*a = -13*a - d. Let i(k) = -k**3 - 5*k**2 - k - 2. Determine i(a).
3
Suppose 5600 = 5*l + 2*a, -13*a + 18*a - 4480 = -4*l. Suppose -1116*g = -l*g - 48. Let f(z) = z + 12. Calculate f(g).
0
Let g(q) = 8*q - 34. Let c be 1/(-6) + (-2)/(-8)*518/21. Give g(c).
14
Let p = 529 + -432. Suppose q + 2*r + 24 = 0, -p = 2*r - 87. Let o(a) = a**2 + 12*a - 15. What is o(q)?
13
Let l(n) = n**2 - 13*n + 86. Let a(t) = -t - 17. Let k(v) = -3*a(v) - l(v). Determine k(12).
13
Let q(c) = c. Let i = -145 + 145. Suppose -62*m + 59*m + 18 = i. Give q(m).
6
Let b(x) = x**3 - 4*x**2 + 55*x - 398. Let g be b(6). Let o(h) = 4*h - 2 - 2*h + 8. What is o(g)?
14
Let h be 2/10 + (-189)/595 - (-3289)/(-221). Let v(o) = 2*o + 57. Give v(h).
27
Let m(p) = -p**3 - 7*p**2 - 4*p + 10. Let c(q) = -3*q**2 + 46*q - 56. Let w be c(14). Let k(a) = 2*a - 6. Let v be k(w). Give m(v).
-2
Let w(u) = -u**3 - 5*u**2 - u - 2. Suppose -7*j = -5*j - 42. Let o = j + -45. Let f be o/5 - 2/10. Calculate w(f).
3
Suppose -8*f - 7*f = 535 - 520. Let w(r) = -42*r. What is w(f)?
42
Let d = 1 + 0. Let w(n) be the second derivative of 29*n + 0*n**2 + 1/6*n**3 + 0. Give w(d).
1
Let k = -274 + 296. Let p(u) = 11*u - 1. Let o(l) = 40*l - 3. Let m(g) = k*p(g) - 6*o(g). Determine m(4).
4
Suppose 8 = -1689*z + 1691*z - 2*a, -a = z. Let s(q) be the second derivative of 0 + 15*q + 1/6*q**3 + 5*q**z. Give s(-6).
4
Let g = 41 - -115. Let d = 157 - g. Let a(y) = 31*y**3 + y. What is a(d)?
32
Let m(s) = 2*s**2 + 111*s - 61. Let p(z) = -7*z**2 - 338*z + 176. Let d(w) = 11*m(w) + 4*p(w). What is d(-22)?
11
Let z(f) = 3*f**2 - 2*f + 8. Let u(b) = -10*b**2 + 4*b - 27. Let p(y) = 2*u(y) + 7*z(y). Let l = 12 - 7. Calculate p(l).
-3
Let o(r) = -r - 16. Suppose 2035*h = 2016*h - 361. What is o(h)?
3
Let v(t) = t**3 + 4*t**2 + 2*t - 2. Suppose 4*k - 3*i + 190 = -k, -114 = 3*k - i. Let f = k + 36. Let p be -1*(6 + 6/f). Determine v(p).
1
Let x(d) be the third derivative of 6*d + d**3 - 1/24*d**4 + 0 + 7*d**2. What is x(10)?
-4
Let s = 114 - 155. Let w = s + 45. Let v(k) = k**2 - 3*k - 5. Give v(w).
-1
Suppose 0 = 23*m + 62*m + 155 + 355. Let k(i) = -10*i - 11. Let j(s) = 7*s + 7. Let l(v) = 7*j(v) + 5*k(v). What is l(m)?
0
Let s(g) = -36*g - g**3 + 3*g**2 - 1 + g**2 + 7 + 34*g. Let a(c) = c + 19. Let v be a(-15). Determine s(v).
-2
Let o be (-5)/((-5)/20 + 6/(-8)). Let j(k) = 9*k**2 + k + 5. Let h(t) = 11*t**2 + t + 4. Let w(c) = o*h(c) - 4*j(c). Determine w(-1).
18
Let b = -131 + 163. Suppose -2*f - b = -4*u, -3*f + u - 12 = 16. Let w(x) = x**2 + 8*x - 8. Calculate w(f).
-8
Let g(i) = 3*i + 6. Let a(j) = -j - 1. Let d(l) = -4*a(l) - g(l). Suppose -16*z - 369 = 14*z + 11*z. Give d(z).
-11
Let p be 270/945 + (-88)/14. Let u(k) = -k + 5. Give u(p).
11
Let w be ((-4)/(-3))/(11 - (-15 - (-2094)/81)). Let x(y) = y**3 - 9*y**2 - 7*y + 46. Give x(w).
-17
Let c be (8 - 3) + -3 + 15*(-8)/24. Let q(x) = 6*x**2 - 2*x. Determine q(c).
60
Let i(l) = l + 2. Let q(u) = -u**3 - 10*u**2 - 4*u - 25. Let y be q(-10). Suppose 42 + 3 = -y*r. Let w be 4*r/(6/1) + 0. What is i(w)?
0
Let z(n) be the third derivative of -n**4/12 - 101*n**3/6 - 10240*n**2. Calculate z(-33).
-35
Let k(r) = 6*r**3 - 16*r**2 + 16. Let f(y) = -5*y**3 + 15*y**2 + y - 15. Suppose -9*l + 11 - 65 = 0. Let n(o) = l*k(o) - 7*f(o). What is n(-7)?
-40
Let h(t) be the first derivative of 8 - 7/2*t**2 - t. Let a = 4 + -3. What is h(a)?
-8
Let c(z) = -15*z - 1. Let s(f) = 104*f + 5. Let h(y) = -21*c(y) - 3*s(y). Let i(j) = -j**2 - 6*j - 3. Let r be i(-6). What is h(r)?
-3
Let y(q) be the second derivative of -q**8/6720 - q**7/315 + q**5/60 - 13*q**4/12 + 9*q + 1. Let g(o) be the third derivative of y(o). Give g(-8).
2
Let s be 0 - -10 - (-1554)/(-111). Let x(h) = -2*h + 2*h + h - 2*h - 7. Give x(s).
-3
Let c(j) = -5*j**2 - 28*j - 3*j**3 + 18*j - 13 - 3*j**2 + 0*j**3 + 2*j**3. Give c(-7).
8
Suppose -2*h + 9 = -5*h. Let v(u) = -6*u - 108. Let b(j) = 10*j + 174. Let k(g) = -5*b(g) - 8*v(g). Calculate k(h).
0
Let r(t) be the second derivative of t**3/6 - 3*t**2/2 - 8827*t. Let y = 6 - -2. Let h be 12*(2 + y/(-6)). Calculate r(h).
5
Let r = -7 + 13. Let q(v) = -r + 2 - 1 + 4*v. Suppose -77*l + 67 + 301 = 15*l. Give q(l).
11
Let r(p) = p**3 + 12*p**2 + 11*p + 1. Let d be r(-11). Let s(h) = -31*h**2 + h + 1. Let q(v) = -125*v**2 + 6*v + 3. Let y(m) = q(m) - 4*s(m). Calculate y(d).
0
Let f(l) = 4*l + 3. Let g(q) = 5*q**2. Let k be g(-1). Let r be (0 - 6)*(-3)/(-45)*k. Calculate f(r).
-5
Let g = -439 + -417. Let t = 861 + g. Let v(y) = -4*y + 2. Determine v(t).
-18
Let g(i) = -i**2 + 9*i - 25. Suppose 1158*h + 40 = 1163*h - 5*r, -8 = -h - 5*r. What is g(h)?
-17
Let c(x) = x + 10. Let w(s) = -s**3 - 13*s**2 + 68*s - 6. Let q be w(-17). Determine c(q).
4
Suppose -5*g = -47 + 72. Let k be (48/(-20) + 2)/(g/300). Let z(v) = 8 - 5*v - k + 14. Give z(-2).
8
Let s(g) be the third derivative of -5*g**4/24 - g**3/3 - 22*g**2. Suppose 0 = 8*o - 7*o - 2. Let r be -2*-1*(o + -3). What is s(r)?
8
Let z(l) = 13*l + 4 - 49*l + 32*l + l**2 + 19*l. Determine z(-7).
-52
Let o = -1695 - -1697. Let x(a) be the first derivative of 3/2*a**2 - o*a - 1. Give x(-5).
-17
Let y(g) = -g**2 - 14*g + 50. Let w be y(3). Let r(p) = 4*p**3 - 2*p**2 + 2. Calculate r(w).
-4
Let z(w) be the second derivative of w**4/2 + 5*w**3/6 + 3*w**2 + 354*w. What is z(-3)?
45
Let w(t) be the second derivative of 2*t**4/3 - 14*t**3/3 + 2*t**2 - t - 1739. Give w(4).
20
Let f(u) be the third derivative of 1/60*u**5 + 0*u + 2*u**2 - 35 - 1/3*u**3 + 1/6*u**4. What is f(-3)?
-5
Let n(h) be the second derivative of h**4/6 + h**3/2 + 4*h**2 - 9*h - 125. Calculate n(-3).
17
Let f(l) be the second derivative of l**3 + 14*l**2 + 8323*l. Determine f(-3).
10
Let j(m) = 2*m - 5. Suppose 12*s = -155 - 13. Let h be 9 + (-9)/((-9)/s). Determine j(h).
-15
Let u(q) = -11*